
-9
Calculate -2 + (-3 - (9 + -10)).
-4
Calculate 6 + (10 - 2) + 1 + -7.
8
What is (-6 - (-15 - -4)) + (5 - 5)?
5
Evaluate -8 - (0 + (-1 - (1 - -2))).
-4
1 - 2 - (3 - 1)
-3
(10 - (10 + -3) - 9) + 1
-5
Calculate 1 + 0 + (-5 - -7).
3
What is 3 - (3 - 3 - -1)?
2
Calculate -2 + (-1 - (-9 - 0)) + -2.
4
What is -4 - (4 + -7 + 7 + -1)?
-7
1 + (0 - 0) + (-37 - -34)
-2
Evaluate -2 + -7 + (22 - 8).
5
What is the value of -5 + 5 + -5 + 1?
-4
Evaluate -20 + 23 - (0 + 3).
0
What is the value of (14 - (12 + 3)) + (-1 - -8)?
6
What is (12 - 12) + 1 + -2 + -1?
-2
What is the value of -1 - -1 - 5 - -2?
-3
Calculate 1 - (2 + 1 + -4 + 1).
1
What is the value of -3 + (4 - 8) + 6?
-1
What is the value of -4 + -2 - (11 + -11) - -1?
-5
Evaluate -2 + (6 - 1 - -2).
5
Evaluate -3 + 12 + 0 + -3 - 1.
5
Evaluate 20 + -13 + -5 + (-1 - -2).
3
What is the value of -9 - (2 + -6) - -11?
6
Evaluate -3 - (0 - 5 - -4).
-2
What is the value of 0 - (-6 - (-1 + -2))?
3
What is the value of (-5 - -3) + -15 + 15?
-2
Evaluate 0 + -3 + 5 - 5.
-3
What is 0 + 3 + -7 + -4 + 6?
-2
Calculate 0 + -6 + (-1 - -4).
-3
Calculate (12 - 6 - (-2 - 0)) + -2.
6
Evaluate (-2 + 6 - 3) + 1.
2
-4 + (11 - 9) + -6
-8
What is the value of 1 - -5 - (-86 - -89)?
3
What is 2 + -15 + 0 + 7?
-6
What is 4 + (-7 - 3) + 17 + -11?
0
What is 0 + (-4 - -7) - 0?
3
Calculate 75 + -67 + -6 + -1.
1
What is (8 - 13 - -7) + -2?
0
Calculate -3 + 4 + 1 + 1.
3
What is 4 + -8 + (-8 - -7)?
-5
Evaluate 4 + 0 + (14 - 7 - 8).
3
Evaluate 0 + -7 + -17 + 19.
-5
What is (-2 - 1) + (-1 + 1 - -1)?
-2
What is -7 + (0 - 12 - -18)?
-1
Calculate (0 - 0) + 1 - (-208 + 210).
-1
Calculate -3 - (-3 + 1) - (-3 + 6).
-4
What is the value of -8 + (-1 + 0 - (-2 - 3))?
-4
Evaluate 3 - 3 - (-11 + 19).
-8
What is the value of 8 + -15 + 9 - (0 + 1)?
1
Evaluate -2 - ((-1 + -8 - 3) + 5).
5
What is 11 - (9 + -13 - -9)?
6
-4 - (6 - 7) - -7
4
What is (-4 + 12 - 12) + 9?
5
What is the value of 1 + 0 + (0 - (-3 + 3))?
1
What is the value of -7 + (5 + 8 - 4) - 13?
-11
What is (1 - 7) + 30 + -35 + 6?
-5
Evaluate 4 - (3 - 8 - -10).
-1
(0 - (-2 - 1)) + (5 - 8)
0
Evaluate 10 + -10 + 3 - (0 - -6).
-3
Evaluate 0 + -1 - -1 - (-351 + 344).
7
What is -5 + -1 + (-2 - -5)?
-3
What is the value of 4 + (1 - -4) + -5?
4
What is the value of (-4 - -6 - 1) + -6?
-5
What is the value of -5 + 2 - 0 - (0 + 0)?
-3
What is the value of -5 + (-3 - -3) + 2 - 2?
-5
Calculate (3 - 3 - -2) + -7.
-5
What is (3 + (-17 - -7) - 0) + 1?
-6
Calculate -3 + -6 + 1 + 4.
-4
What is 5 + -9 - (0 + 2 + -1)?
-5
What is the value of (-9 - -5) + 4 + 1?
1
Calculate 2 + (14 + -4 - 3 - 11).
-2
-5 - ((-2 + 7 - 10) + 1)
-1
6 + (-2 - 4) + 0 + 2
2
-3 - (0 - ((1 - 2) + -1))
-5
-1 + (3 - 2 - (5 - 5))
0
Evaluate -498 + 493 - (0 + 1 - 8).
2
What is the value of 7 - (-11 + 8 + 6)?
4
Calculate -7 + 8 - -5 - 10.
-4
What is the value of (9 - -10 - 4) + -14?
1
(-4 - -4 - 5) + 5 - 3
-3
(15 - (11 - 3)) + (1 - 3)
5
Evaluate -3 - (4 + -6 + -2 + -1).
2
-6 + 5 + (-6 + 5 - -6)
4
What is -2 + 2 + (0 - -6) + -4?
2
What is -2 - (-1 + -6) - 3?
2
What is the value of 14 + -7 + (-8 - -2) - 6?
-5
What is (6 - 1) + (-1 - 3)?
1
What is -2 + 1 - -4 - 1?
2
-3 + (-8 + 4 + 0 - -6)
-1
What is the value of -3 - 14 - -3 - (-6 - 0)?
-8
-11 - ((-20 - 1) + 8)
2
What is 3 + 3 + -9 - -7?
4
What is the value of -3 - (2 - 0 - 4)?
-1
-2 + 4 - (1 - -2)
-1
Evaluate (-1 - 4 - -5) + 4.
4
-2 + 1 - (-4 + -4 + 1)
6
Evaluate -9 + (4 - 1) - 1.
-7
-13 - (1 + (-10 - 0))
-4
Evaluate (-2 + 1 - 0) + (-47 - -39).
-9
What is -10 + 14 - (-1 - -6 - -1)?
-2
What is -5 - -8 - (1 - 3)?
5
(0 - 1) + -4 + 3 + 7
5
What is the value of -6 + -1 - (164 + -175)?
4
-5 + (-6 - (6 + -8)) - -5
-4
Evaluate (47 - 38) + (0 - 8).
1
Calculate (6 - 9) + (0 - -1).
-2
Evaluate 3 - ((2 - 14) + (-17 - -24)).
8
Calculate (1 - (1 - -2)) + 5.
3
Evaluate -4 + (-8 - -4) + 4.
-4
What is 8 + (2 - 1) - 7?
2
2 - (-4 + 7 - 3 - -5)
-3
Calculate (1 - -2) + -8 + 5.
0
Evaluate 0 + -10 - (-9 - -18 - 11).
-8
Calculate -14 - -5 - -2 - (-6 + 3).
-4
0 - ((0 - 4) + 5)
-1
What is -27 + 33 + (-5 - 1)?
0
Evaluate 2 + (-7 - (-4 + 0)).
-1
0 + 6 - (6 - (6 + 0))
6
What is the value of 2 + -5 + -4 + 4 + -2?
-5
1 - (11 + -6 + (-2 - -3))
-5
Evaluate 9 - (5 + -6 + 3) - 12.
-5
Evaluate (-45 - -39) + (-1 + 2 - 0).
-5
What is the value of (5 - (5 - 7 - -5)) + 0?
2
(0 - (10 - 4)) + 1 + 3
-2
-3 - 1 - (-13 + 14 + -3)
-2
What is (-1 - -1) + 7 - 3?
4
Calculate -3 + 4 + 1 + 0.
2
-3 - (4 + 9 + -18)
2
What is (-17 - -15) + (0 - (0 - -5))?
-7
Evaluate 14 + -7 + -6 - (-6 - 1).
8
What is the value of -3 - (-7 + 4) - 5?
-5
-6 + (21 - 8) - (8 - -1)
-2
(3 - (2 + -2)) + 4 + -6
1
Evaluate 7 + -5 - -3 - 1.
4
Evaluate -2 + 3 + -6 + 0 - 1.
-6
Evaluate (0 + 5 - 0) + -6.
-1
Calculate -4 + 4 - -2 - (-9 - -7).
4
Evaluate -3 - 1 - (-6 - -3).
-1
What is the value of -6 + (-2 - -1) - (-4 + 1)?
-4
Evaluate (0 - ((-1 - 4) + 5)) + 6.
6
What is (-4 - (-2 - 9)) + -6?
1
What is the value of -24 + 22 + (4 - 1) + 3?
4
What is (-8 - -7) + -5 - -9?
3
What is 3 - (-5 - (-12 - -2))?
-2
9 - 15 - (-9 + 0)
3
What is the value of 4 + 1 + 3 + (-1 - 0)?
7
What is the value of 3 + 3 + -6 - -9 - 7?
2
-3 + (-5 + 2 - -4)
-2
What is the value of 1 - (4 + -4 - 4)?
5
What is 2 - (6 + -3 - -2)?
-3
Calculate -2 + (-6 - -5 - -6).
3
What is (-9 + -7 - -7) + 8?
-1
8 + 6 + -9 + 0 + -2
3
(6 - ((17 - 2) + -5)) + -1
-5
Calculate -7 + (5 - 4) + (-11 - -8).
-9
Calculate 0 - (-3 + 4 + -2 - -2).
-1
What is 7 - 1 - (-1 + (-4 - -6))?
5
Evaluate (8 - 2) + -1 + -3.
2
-1 + -5 + (17 - 5)
6
What is the value of (0 - -2) + -8 + (-265 - -267)?
-4
Calculate 5 - 1 - 0 - 5.
-1
Calculate 4 + (4 - 5 - 4).
-1
Evaluate 2 - (3 + (3 - 2)).
-2
0 + 2 + (-9 - (-2 - 7))
2
Evaluate -8 + 22 - (1 - -7).
6
(0 - -2) + -8 + 2
-4
What is the value of 0 - (-7 + 2 - -6)?
-1
Evaluate (-2 - 0) + -1 - (120 - 131).
8
Calculate 0 - (-15 + 1 + 6).
8
What is the value of 2 - (-5 + -2 + 2 + 2)?
5
Calculate 20 + -15 + 2 + -4 + -10.
-7
What is 1 - (-1 + 12) - (-7 - -2)?
-5
What is the value of 24 + -23 + (-2 - (-2 + 2))?
-1
1 - -13 - (280 - 269)
3
Calculate (16 - (4 + -2)) + -15.
-1
What is -4 - (-3 - (-3 - -2 - -1))?
-1
Evaluate 3 + (-3 - 4 - -7).
3
0 - -1 - (13 - 6)
-6
5 + 6 + -2 + -4 - -3
8
What is the value of (-3 + -1 - -1) + 49 + -51?
-5
-5 - -5 - 3 - (0 - 1)
-2
What is (1 - -1) + 5 + -8 + 4?
3
What is the value of 0 - (-6 + 4) - (-5 - -1)?
6
What is the value of (0 + 3 - (1 + 2)) + 5?
5
11 + -11 + 7 - (-3 - -6)
4
Calculate 13 - (17 + -4 + -7).
7
Evaluate -3 + -1 + 5 + -2 + 3.
2
Calculate -11 - -13 - (-5 + 12 - 5).
0
What is the value of (-1 - (1 + -2)) + -27 + 21?
-6
Evaluate 3 - ((4 + -3 - 5) + 1).
6
Calculate (1 - (-4 + 6 + -8)) + -2.
5
Evaluate -8 - (8 + 4 + -8 + -2).
-10
Evaluate (-8 - (-49 - -29)) + (-1 - 2).
9
What is 1 + -1 + -1 + (-9 - -11)?
1
Evaluate (-2 - -3) + 4 + (-3 - 7).
-5
What is the value of -22 - -21 - (-1 + 0)?
0
What is (-15 - -8) + (8 - 4)?
-3
What is the value of 3 + (-3 - 2) - (2 + 0)?
-4
Calculate -6 + -1 + -4 + 7 + -4.
-8
What is the value of 3 + 0 - (-4 - -4)?
3
Evaluate -11 - -13 - (-2 + 0).
4
What is the value of 2 - (3 - (8 + (3 - 7)))?
3
Calculate 11 - (7 - -3) - 10.
-9
What is the value of 0 + -3 - (-3 - -2 - 3)?
1
Evaluate -5 + -1 + (2 - 0).
-4
Calculate -2 + ((-3 - 2) + 3 - -2).
-2
(-3 + -1 - (-3 + -3)) + 4
6
Evaluate -2 + -17 + 4 + -2 + 9.
-8
What is (-10 + 0 - (32 + -32)) + 5?
-5
What is the value of 3 - (-3 + (5 - 0))?
1
Calculate 2 - 3 - ((-2 - 2) + -1).
4
Evaluate 8 + 0 + -2 + -1.
5
What is the value of (-2 - -8) + (-9 - (-4 + -2))?
3
1 - (3 - (-4 + 8)) - 1
1
Evaluate -9 + (3 - (-1 + -3)).
-2
What is the value of -14 + -4 + (21 - 8)?
-5
Calculate -2 - (10 + -16 - (0 + 2)).
6
Evaluate 0 + 0 - (7 - (3 + -1)).
-5
Calculate -2 + 0 - (-6 - 0).
4
Evaluate 0 + -4 + (-2 - -4).
-2
-15 - (-4 + -13 + 7)
-5
What is the value of -5 + 0 + 4 + 1?
0
Calculate -2 + (-6 - -7) + -6.
-7
What is the value of (-1 + 6 - 7) + 0?
-2
Calculate (-5 + 4 + -10 - -4) + 2.
-5
What is (3 - 1 - -2) + -1?
3
-5 - (-8 + (3 - -2))
-2
Calculate (-8 - (-3 + 3 - 4)) + 5.
1
What is (-2 - 2) + (7 - 3) + 5?
5
Evaluate (-14 - -11) + 2 + 5 - -5.
9
What is (2 - (2 + -7 + 3)) + -1?
3
What is 1 + 17 - (28 + -14)?
4
Evaluate 2 + 2 + -6 + 1 + -1.
-2
Calculate 3 + -3 - 3 - -4.
1
What is the value of (0 - -2) + (-1 - 0 - 2)?
-1
